are the prime factors of p?
2
Let v(a) = -a**2 + 2*a - 2. Let d be v(2). Let f = -4 + d. List the prime factors of f/(3/(27/(-6))).
3
Suppose 2*x = -4*w + 2, -3*x - 12 = 3. Suppose -5*r + 20 = -r, w*r - 11 = i. Suppose -i*p - 2*z = -30, z - 33 = -4*p + 2*z. What are the prime factors of p?
2
Suppose -t - 4*r - 8 = 12, 2*t + 20 = -4*r. Let i(x) = -x - 5. Let b be i(-5). Suppose b*s + 12 = 2*s + 3*m, -5*s - 3*m + 21 = t. List the prime factors of s.
3
Let w = -2 - -1. Let l = w + 2. What are the prime factors of 1/(l/(-2)) - -5?
3
Suppose -2*l - l + 225 = 0. List the prime factors of l.
3, 5
Let r(w) = w**2 - w + 3. Let u be r(0). Suppose -5*j - 3 = -3*x, -4 = -u*j - 6*x + 2*x. Suppose -i = -j*i - 16. List the prime factors of i.
2
Let i(c) = -10*c**3. Let y(f) = -f**2 + f - 1. Let x be y(0). List the prime factors of i(x).
2, 5
Let c(y) = y**3 - 12*y**2 + y + 6. List the prime factors of c(12).
2, 3
Let l = 2 + 12. Suppose 3 = d - 4. Let p = l - d. List the prime factors of p.
7
Let a(f) = f**2 - 6. Let z be a(0). Let o be (-40)/(-3) - 4/z. Suppose -2*q = -3*q - 2, i - 5*q - o = 0. What are the prime factors of i?
2
Suppose -2*s - 2*o = -3*s + 4, 3*s - 19 = -o. What are the prime factors of 4/1 + -4 + s?
2, 3
Let c be 3*2/9*6. Let b = c - -7. List the prime factors of b.
11
Let i(x) = x**2 + 6*x. Let v be i(-5). Let d(y) be the second derivative of y**4/12 + y**3/3 - 5*y**2/2 - 3*y. List the prime factors of d(v).
2, 5
Let w = 7 - 2. List the prime factors of w.
5
Let s be (-12)/(-54) + (-76)/18. Let i be s/14 + (-2908)/14. List the prime factors of (i/(-8))/(1*2).
13
Suppose -3 = 4*a - 11. Suppose -a*n - 55 = 3*n. Let z = -3 - n. List the prime factors of z.
2
Let j(y) = 0 - y**3 + 7*y**2 + 9 - 2 - 5*y. What are the prime factors of j(6)?
13
Let t be -2 + 0 + (-138)/6. Let z be (-1 - -11)*10/t. What are the prime factors of 1 + -4*z/2?
3
Suppose 3*f - 87 = -15. Let i = f - 11. List the prime factors of i.
13
Let m = 12 + -6. Let x = m - 4. Suppose 5*v + 8 = r, 5*r - 17 + 4 = -x*v. What are the prime factors of r?
3
Let m(v) = -v + 9. Let h be m(8). Let t = 7 + h. What are the prime factors of t?
2
Suppose s + 0*s - 76 = -2*h, 4*h = -3*s + 154. Suppose -3*i + 24 = -2*q, 0*i = -4*i + q + h. What are the prime factors of i?
2, 5
Let u = 70 + -32. List the prime factors of u.
2, 19
Let q(n) = 3*n**2 + 3*n. List the prime factors of q(-2).
2, 3
Suppose 4*h - 7*h = o - 287, 4*h + 2*o = 382. What are the prime factors of h?
2, 3
Suppose -5*w = 5*a - 2*a - 57, -w = 5*a - 95. Suppose 0 = r + v - a, -3*r + 26 = -2*v - 36. What are the prime factors of r?
2, 5
Let r(a) = a**3 - 7*a**2 - 7*a - 6. Suppose 0*j - 40 = -5*j. Let x be r(j). Suppose 3*w + w - 52 = -4*h, x*w - 2*h = 10. List the prime factors of w.
3
Let w = -4 - -5. Suppose w = -f, 3*i = -3*f - 1 - 2. Let j = 3 + i. List the prime factors of j.
3
Let b(l) = 2*l - 12. Let x be 124/16 - 2/(-8). Let y be b(x). Suppose -32 = -4*t + 4*i, -5*t - y*i + 0 = -4. What are the prime factors of t?
2
Let r be -5 + 3 - 4/(-2). Suppose 5*w = 0, r = 4*f - f - 4*w - 189. List the prime factors of 56/9 - 14/f.
2, 3
Let d(i) be the second derivative of -i**4/12 + 5*i**3/6 + i**2/2 - 2*i. List the prime factors of d(4).
5
Let g(j) = -3*j - 5. Let t be g(-5). Suppose p - 2*x + 5*x = -t, -8 = -2*p + x. Let n = 4 - p. List the prime factors of n.
2
Suppose 4*c + 2*s - 14 = 0, 4*s = c + 2*c - 16. Suppose c*p - 24 + 1 = l, p - 4*l - 17 = 0. What are the prime factors of p?
5
Let w = -202 - -399. List the prime factors of w.
197
Let y(a) = a**2 + a - 9. Let k(p) = 3*p + 5. Let u be k(-4). What are the prime factors of y(u)?
3, 11
Let g(d) = d**3 + 9*d**2 - 3*d - 13. Let l be (-1)/((-2)/4) - 11. Let r = l + 0. List the prime factors of g(r).
2, 7
What are the prime factors of 3 - (-1 + 2/3)*411?
2, 5, 7
Let c(v) = -53*v**3 + v**2 - 3*v + 1. List the prime factors of c(-2).
3, 5, 29
Let u = 146 + 85. What are the prime factors of u?
3, 7, 11
Suppose -11*l + 15*l - 764 = 0. List the prime factors of l.
191
Let u = -11 - -16. Let n = u + -2. Let i = n - 0. What are the prime factors of i?
3
Let s be (-1 + 4 + -3)/(-2). Let d(g) = -5*g + s*g - 7 + 3*g. List the prime factors of d(-8).
3
List the prime factors of 20*(2 - (-9)/6).
2, 5, 7
Let w(z) = z**2 + 9*z - 8. List the prime factors of w(-12).
2, 7
List the prime factors of (-6)/(-24) - (-1038)/8.
2, 5, 13
Let r = 145 - -17. What are the prime factors of r?
2, 3
What are the prime factors of (3 + -2)*53 - 1?
2, 13
Let j(s) = -13*s**3 - s**2 + s + 1. Let b = 2 - 1. Let r be -2 + (-2)/(-3 + b). List the prime factors of j(r).
2, 3
Suppose 0*a + 6 = 3*a. Let y(w) = 14*w**2 - 4*w**a - 3*w - 1 - 8*w**2. List the prime factors of y(-2).
13
Let o be ((-4)/(-10))/(1/25). Suppose -2*p + 4*w = -7*p + 75, 3*p - 45 = -4*w. Let s = p - o. List the prime factors of s.
5
Let c = 6 - 4. Suppose 0*a - c = -2*a. Suppose -31 - a = -4*j. What are the prime factors of j?
2
Let x = -73 - -193. What are the prime factors of x?
2, 3, 5
Suppose 3 = -4*f + 39. Let l be 8 - 1/(2 + -3). What are the prime factors of (-2)/l + 173/f?
19
Suppose -7 + 46 = -3*a. Let r = 26 + a. List the prime factors of r.
13
Let q = -13 - -19. Suppose -q*p = -p - 3*f - 234, -5*p + 210 = 5*f. What are the prime factors of 1/2 + p/6?
2
Let m = -2 - -2. Let a(y) = m*y - 2*y - 7*y + 6*y**2 + y**3 - 1 - 3. List the prime factors of a(-7).
2, 5
Suppose 4*w = -4*s + 164, -4*s = -7*w + 3*w - 156. List the prime factors of s.
2, 5
Suppose -i = -2*i + 15. Suppose -i = -u + 4*t + 7, 0 = -2*u + 3*t + 19. What are the prime factors of u?
2
Let y = -9 + 46. List the prime factors of y.
37
Let h = 12 - 10. Let j(a) = -2*a + 1. Let g be j(-1). Suppose -3*q + g*d = -27, -h*d + 6 = 2*q - 28. List the prime factors of q.
13
Suppose 5*m = 2*o + 662, 3*o - 261 = -2*m - 0*o. List the prime factors of m.
2, 3, 11
Suppose -2*z + 1 = 3*l, 4*l = -2*z + 3*z + 16. List the prime factors of l.
3
What are the prime factors of 2/6*126/2?
3, 7
Suppose 9 + 11 = 2*j. What are the prime factors of j?
2, 5
Let q = 6 + -4. Suppose -f = -5*g - 47, -2*g - 5 = -g + q*f. Let o = g - -21. List the prime factors of o.
2, 3
Let t be 2 + 0 + -2 - 0. Suppose t = a - 3 - 2. Suppose -13 = 2*s + a*y, -5*y - 48 + 11 = -2*s. List the prime factors of s.
2, 3
Let j be (-51)/9 - 1/3. Let h be j/(-4)*(3 + -1). Let y = h + -1. List the prime factors of y.
2
Let r be 2/(-2)*(-2 + 1). Let p be (-4 + (3 - r))/(-2). What are the prime factors of (p/(-3))/(2/(-12))?
2
Let j(n) be the second derivative of n**5/20 - n**4/12 - n**3/6 + 11*n**2/2 + n. What are the prime factors of j(0)?
11
Let b(m) = m**3 - 6*m**2 + m. Let u be b(6). Let t be (-75 + -3)*(-3)/u. Suppose 0 = -3*p + 3 + t. List the prime factors of p.
2, 7
Let b be (2/(-1))/((-2)/4). Suppose -19 = -b*p + 5*o + 25, 3*p + 3*o - 6 = 0. Suppose y - p = 1. What are the prime factors of y?
7
Suppose 11*r = 15*r - 320. What are the prime factors of r?
2, 5
Suppose -4*q = -q + 72. Let p be (q/(-10))/(1/15). Let r = p - 20. List the prime factors of r.
2
Let i = 43 + 40. List the prime factors of i.
83
Let h(o) = o**3 - 4*o**2 - 3*o + 1. Let g be (-30)/(-7) + (-14)/49. Let s be h(g). Let f = 18 + s. What are the prime factors of f?
7
Let g(i) = -4*i - 8. Let z = -5 + -2. What are the prime factors of g(z)?
2, 5
What are the prime factors of 63*(48/(-14))/(-4)?
2, 3
Suppose -113 = -3*q + 25. What are the prime factors of q?
2, 23
Let k = -5 - -5. Suppose 3*z = -9, -5*l = z - k*z - 22. What are the prime factors of l?
5
Let k = -7 + 11. Let l(m) = -m**3 + 5*m**2 + 5*m - 6. List the prime factors of l(k).
2, 3, 5
Suppose -3*d = 2*q - 396, -d - 3*q = -3*d + 264. What are the prime factors of d?
2, 3, 11
Let r(g) = 9*g**2 - 8*g - 38. What are the prime factors of r(-6)?
2, 167
Let l(t) = 2*t - 4. Let m be l(2). Suppose h = -m*h + 29. List the prime factors of h.
29
Suppose 0 = f + 5 - 8. Suppose -8*q + 180 = -f*q. What are the prime factors of q?
2, 3
What are the prime factors of ((-2)/(-2) + -2)*(9 + -56)?
47
Let m(l) = 16*l + 1. Let h be m(2). Suppose 0 = 4*s - 3*s - h. List the prime factors of s.
3, 11
Let k be (16/12)/(8/18). What are the prime factors of k - (-15 + -4 + 6)?
2
Suppose -3*p = u + u - 15, -5*u + 5*p = 25. 